{"id":1279,"date":"2018-04-23T09:05:30","date_gmt":"2018-04-23T07:05:30","guid":{"rendered":"http:\/\/vhsbnv09.bn-paf.de\/?page_id=1279"},"modified":"2022-11-22T09:43:53","modified_gmt":"2022-11-22T08:43:53","slug":"handbuecher","status":"publish","type":"page","link":"https:\/\/vhsbnv09.bn-paf.de\/?page_id=1279","title":{"rendered":"Handb\u00fccher"},"content":{"rendered":"<ul>\n<li><a href=\"https:\/\/support.apple.com\/de-de\/guide\/ipad\/ipad8d9d296d\/ipados\" target=\"_blank\" rel=\"noopener\">Benutzerhandbuch<\/a> online iOS 16<\/li>\n<li><a href=\"https:\/\/support.apple.com\/de-de\/guide\/ipad\/welcome\/ipados\" target=\"_blank\" rel=\"noopener\">Benutzerhandbuch<\/a> online iOS 15<\/li>\n<li><a href=\"https:\/\/support.apple.com\/de-de\/guide\/ipad\/welcome\/ipados\" target=\"_blank\" rel=\"noopener\">Benutzerhandbuch<\/a> online iOS 14<\/li>\n<li><a href=\"https:\/\/support.apple.com\/de-de\/guide\/ipad\/welcome\/ipados\" target=\"_blank\" rel=\"noopener\">Benutzerhandbuch<\/a> online iOS 13<\/li>\n<li><a href=\"https:\/\/help.apple.com\/ipad\/12\/?lang=de#\/iPad9940e497\" target=\"_blank\" rel=\"noopener\">Benutzerhandbuch<\/a> online iOS 12<\/li>\n<li><a href=\"http:\/\/help.apple.com\/ipad\/11\/?lang=de#\/iPad9940e497\">Benutzerhandbuch<\/a>\u00a0online\u00a0iOS 11<\/li>\n<li><a href=\"http:\/\/help.apple.com\/ipad\/10\/?lang=de#\/iPad9940e497\">Benutzerhandbuch<\/a>\u00a0online\u00a0iOS 10<\/li>\n<li><a href=\"http:\/\/help.apple.com\/ipad\/9\/?lang=de#\/iPad9940e497\">Benutzerhandbuch<\/a>\u00a0online\u00a0iOS\u00a09<\/li>\n<li><a href=\"https:\/\/help.apple.com\/pages\/mac\/8.0\/?lang=de\" target=\"_blank\" rel=\"noopener\">Pages<\/a><\/li>\n<li><a href=\"https:\/\/help.apple.com\/numbers\/mac\/6.0\/?lang=de\" target=\"_blank\" rel=\"noopener\">Numbers<\/a><\/li>\n<li><a href=\"https:\/\/help.apple.com\/keynote\/mac\/9.0\/?lang=de\" target=\"_blank\" rel=\"noopener\">Keynote<\/a><\/li>\n<li><a href=\"https:\/\/help.apple.com\/imovie\/mac\/10.1\/index.html?localePath=de.lproj#\/mov5ec96da08\" target=\"_blank\" rel=\"noopener\">iMovie<\/a><\/li>\n<li>Fotos<\/li>\n<li><a href=\"https:\/\/help.apple.com\/pages\/icloud\/\">Pages<\/a> f\u00fcr iCloud<\/li>\n<li><a href=\"https:\/\/help.apple.com\/numbers\/icloud\/\">Numbers<\/a> f\u00fcr iCloud<\/li>\n<li><a href=\"https:\/\/help.apple.com\/keynote\/icloud\/\">Keynote<\/a> f\u00fcr iCloud<\/li>\n<li><a href=\"https:\/\/help.apple.com\/pages\/ipad\/4.0\/?lang=de\">Pages<\/a> f\u00fcr iPad<\/li>\n<li><a href=\"https:\/\/help.apple.com\/numbers\/ipad\/4.0\/?lang=de\">Numbers<\/a> f\u00fcr iPad<\/li>\n<li><a href=\"https:\/\/help.apple.com\/keynote\/ipad\/4.0\/?lang=de\">Keynote<\/a> f\u00fcr iPad<\/li>\n<li><a href=\"https:\/\/help.apple.com\/imovie\/ipad\/2.2\/?lang=de#\/\">iMovie<\/a> f\u00fcr iPad<\/li>\n<li><a href=\"https:\/\/support.google.com\/android?hl=de#topic=7311597\" target=\"_blank\" rel=\"noopener\">Android<\/a><\/li>\n<\/ul>\n","protected":false},"excerpt":{"rendered":"<p>Benutzerhandbuch online iOS 16 Benutzerhandbuch online iOS 15 Benutzerhandbuch online iOS 14 Benutzerhandbuch online iOS 13 Benutzerhandbuch online iOS 12 Benutzerhandbuch\u00a0online\u00a0iOS 11 Benutzerhandbuch\u00a0online\u00a0iOS 10 Benutzerhandbuch\u00a0online\u00a0iOS\u00a09 Pages Numbers Keynote iMovie Fotos Pages f\u00fcr iCloud Numbers f\u00fcr iCloud Keynote f\u00fcr iCloud Pages &hellip; <a href=\"https:\/\/vhsbnv09.bn-paf.de\/?page_id=1279\">Weiterlesen <span class=\"meta-nav\">&rarr;<\/span><\/a><\/p>\n","protected":false},"author":1,"featured_media":0,"parent":617,"menu_order":0,"comment_status":"closed","ping_status":"closed","template":"","meta":[],"_links":{"self":[{"href":"https:\/\/vhsbnv09.bn-paf.de\/index.php?rest_route=\/wp\/v2\/pages\/1279"}],"collection":[{"href":"https:\/\/vhsbnv09.bn-paf.de\/index.php?rest_route=\/wp\/v2\/pages"}],"about":[{"href":"https:\/\/vhsbnv09.bn-paf.de\/index.php?rest_route=\/wp\/v2\/types\/page"}],"author":[{"embeddable":true,"href":"https:\/\/vhsbnv09.bn-paf.de\/index.php?rest_route=\/wp\/v2\/users\/1"}],"replies":[{"embeddable":true,"href":"https:\/\/vhsbnv09.bn-paf.de\/index.php?rest_route=%2Fwp%2Fv2%2Fcomments&post=1279"}],"version-history":[{"count":16,"href":"https:\/\/vhsbnv09.bn-paf.de\/index.php?rest_route=\/wp\/v2\/pages\/1279\/revisions"}],"predecessor-version":[{"id":1834,"href":"https:\/\/vhsbnv09.bn-paf.de\/index.php?rest_route=\/wp\/v2\/pages\/1279\/revisions\/1834"}],"up":[{"embeddable":true,"href":"https:\/\/vhsbnv09.bn-paf.de\/index.php?rest_route=\/wp\/v2\/pages\/617"}],"wp:attachment":[{"href":"https:\/\/vhsbnv09.bn-paf.de\/index.php?rest_route=%2Fwp%2Fv2%2Fmedia&parent=1279"}],"curies":[{"name":"wp","href":"https:\/\/api.w.org\/{rel}","templated":true}]}}