{"id":1497,"date":"2020-01-08T20:18:27","date_gmt":"2020-01-08T19:18:27","guid":{"rendered":"http:\/\/vhsbnv09.bn-paf.de\/?page_id=1497"},"modified":"2020-01-25T06:10:11","modified_gmt":"2020-01-25T05:10:11","slug":"tablet-a10","status":"publish","type":"page","link":"https:\/\/vhsbnv09.bn-paf.de\/?page_id=1497","title":{"rendered":"Tablet A10"},"content":{"rendered":"<p><a href=\"https:\/\/support.google.com\/android?hl=de#topic=7311597\" target=\"_blank\" rel=\"noopener\">Hilfe des Herstellers zu Android-Ger\u00e4t erhalten<\/a><br \/>\nEinf\u00fchrung in Android<br \/>\nApps auf dem Android-Ger\u00e4t verwenden<br \/>\nAndroid-Einstellungen \u00e4ndern<br \/>\nAndroid-Ger\u00e4t sch\u00fctzen<br \/>\nHilfe zu Android<\/p>\n<p><a href=\"https:\/\/www.bedienungsanleitung24.de\/android\" target=\"_blank\" rel=\"noopener\">Android Bedienungsanleitung nach Versionen<\/a><\/p>\n<p><a href=\"https:\/\/www.google.com\/search?client=safari&amp;rls=en&amp;q=tablet+bedienungsanleitung+deutsch&amp;ie=UTF-8&amp;oe=UTF-8\" target=\"_blank\" rel=\"noopener\">Tablet Bedienungsanleitung deutsch<\/a><\/p>\n<p><a href=\"https:\/\/play.google.com\/books\/reader?id=Ub83CwAAQBAJ&amp;hl=de&amp;pg=GBS.PT1\" target=\"_blank\" rel=\"noopener\">Android Kurzanleitung<\/a><\/p>\n<p><a href=\"https:\/\/wp.me\/a98vul-on\" target=\"_blank\" rel=\"noopener\">Bedienungsanleitung\u00a0PDF<\/a><\/p>\n<p><a href=\"http:\/\/SM-T51X_UM_Open_Pie_Ger_Rev.1.0_190508\" target=\"_blank\" rel=\"noopener\">Samsung Handbuch PDF<\/a><\/p>\n<p><a href=\"http:\/\/downloadcenter.samsung.com\/content\/MC\/201912\/20191220144359011\/DE\/Ger\/start_here.html\" target=\"_blank\" rel=\"noopener\">Samsung online<\/a><\/p>\n<p><a href=\"https:\/\/youtu.be\/RimTlJ6x1AA\" target=\"_blank\" rel=\"noopener\">Tablet Bedienung Video<\/a><\/p>\n<p><a href=\"https:\/\/youtu.be\/BTUBwbiNhWw\" target=\"_blank\" rel=\"noopener\">Erste Schritte Video<\/a><\/p>\n<p><a href=\"https:\/\/smartphonemag.de\" target=\"_blank\" rel=\"noopener\">Tipps+Hilfen<\/a><\/p>\n<p><a href=\"https:\/\/wp.me\/p98vul-p1\">Sicherheit<\/a><\/p>\n<p><a href=\"http:\/\/vhsbnv09.bn-paf.de\/wp-content\/uploads\/2020\/01\/So-sch\u00fctzen-Sie-Ihr-Handy-vor-Viren-UPDATED.pdf\">So sch\u00fctzen Sie Ihr Handy vor Viren | UPDATED<\/a> <a href=\"http:\/\/vhsbnv09.bn-paf.de\/wp-content\/uploads\/2020\/01\/Schutz-vor-Android-Malware-Diese-Gegenmittel-helfen-wirklich-AndroidPIT.pdf\">Schutz vor Android-Malware: Diese Gegenmittel helfen wirklich | AndroidPIT<\/a><br \/>\n<a href=\"http:\/\/vhsbnv09.bn-paf.de\/wp-content\/uploads\/2020\/01\/Handy-sicher-machen-und-vor-Angreifern-sch\u00fctzen-So-wird\u2018s-gemacht.pdf\">Handy sicher machen und vor Angreifern sch\u00fctzen: So wird\u2018s gemacht<\/a><br \/>\n<a href=\"http:\/\/vhsbnv09.bn-paf.de\/wp-content\/uploads\/2020\/01\/So-sch\u00fctzen-Sie-Ihr-Mobilger\u00e4t-vor-Viren-und-anderen-Sch\u00e4dlingen-PC-WELT.pdf\">So sch\u00fctzen Sie Ihr Mobilger\u00e4t vor Viren und anderen Sch\u00e4dlingen &#8211; PC-WELT<\/a><\/p>\n","protected":false},"excerpt":{"rendered":"<p>Hilfe des Herstellers zu Android-Ger\u00e4t erhalten Einf\u00fchrung in Android Apps auf dem Android-Ger\u00e4t verwenden Android-Einstellungen \u00e4ndern Android-Ger\u00e4t sch\u00fctzen Hilfe zu Android Android Bedienungsanleitung nach Versionen Tablet Bedienungsanleitung deutsch Android Kurzanleitung Bedienungsanleitung\u00a0PDF Samsung Handbuch PDF Samsung online Tablet Bedienung Video Erste &hellip; <a href=\"https:\/\/vhsbnv09.bn-paf.de\/?page_id=1497\">Weiterlesen <span class=\"meta-nav\">&rarr;<\/span><\/a><\/p>\n","protected":false},"author":1,"featured_media":0,"parent":1495,"menu_order":0,"comment_status":"closed","ping_status":"closed","template":"onecolumn-page.php","meta":[],"_links":{"self":[{"href":"https:\/\/vhsbnv09.bn-paf.de\/index.php?rest_route=\/wp\/v2\/pages\/1497"}],"collection":[{"href":"https:\/\/vhsbnv09.bn-paf.de\/index.php?rest_route=\/wp\/v2\/pages"}],"about":[{"href":"https:\/\/vhsbnv09.bn-paf.de\/index.php?rest_route=\/wp\/v2\/types\/page"}],"author":[{"embeddable":true,"href":"https:\/\/vhsbnv09.bn-paf.de\/index.php?rest_route=\/wp\/v2\/users\/1"}],"replies":[{"embeddable":true,"href":"https:\/\/vhsbnv09.bn-paf.de\/index.php?rest_route=%2Fwp%2Fv2%2Fcomments&post=1497"}],"version-history":[{"count":24,"href":"https:\/\/vhsbnv09.bn-paf.de\/index.php?rest_route=\/wp\/v2\/pages\/1497\/revisions"}],"predecessor-version":[{"id":1622,"href":"https:\/\/vhsbnv09.bn-paf.de\/index.php?rest_route=\/wp\/v2\/pages\/1497\/revisions\/1622"}],"up":[{"embeddable":true,"href":"https:\/\/vhsbnv09.bn-paf.de\/index.php?rest_route=\/wp\/v2\/pages\/1495"}],"wp:attachment":[{"href":"https:\/\/vhsbnv09.bn-paf.de\/index.php?rest_route=%2Fwp%2Fv2%2Fmedia&parent=1497"}],"curies":[{"name":"wp","href":"https:\/\/api.w.org\/{rel}","templated":true}]}}